factors of 1791727.
7, 255961
List the prime factors of 8687259.
3, 7, 19699
What are the prime factors of 4225?
5, 13
What are the prime factors of 1163043?
3, 7, 18461
List the prime factors of 612658.
2, 306329
List the prime factors of 15434720.
2, 5, 7, 13781
List the prime factors of 189082.
2, 94541
What are the prime factors of 5840356?
2, 1460089
List the prime factors of 9911835.
3, 5, 73421
List the prime factors of 486484.
2, 121621
What are the prime factors of 9130738?
2, 107, 42667
What are the prime factors of 419070?
2, 3, 5, 61, 229
What are the prime factors of 206512?
2, 12907
List the prime factors of 5210087.
5210087
What are the prime factors of 440268?
2, 3, 19, 1931
List the prime factors of 24674357.
31, 795947
What are the prime factors of 2412372?
2, 3, 201031
What are the prime factors of 302345?
5, 17, 3557
List the prime factors of 4587627.
3, 11, 43, 53, 61
What are the prime factors of 421952?
2, 19, 347
List the prime factors of 1007497.
1007497
What are the prime factors of 658098?
2, 3, 7, 1741
What are the prime factors of 4745017?
1487, 3191
What are the prime factors of 5384996?
2, 1346249
List the prime factors of 1078478.
2, 19, 101, 281
List the prime factors of 11927457.
3, 1325273
List the prime factors of 196371.
3, 7, 1039
List the prime factors of 240540.
2, 3, 5, 19, 211
List the prime factors of 376761.
3, 7, 11, 233
List the prime factors of 913930.
2, 5, 91393
List the prime factors of 1391316.
2, 3, 23, 71
List the prime factors of 22270855.
5, 37, 120383
List the prime factors of 179111.
179111
What are the prime factors of 13648161?
3, 17, 267611
List the prime factors of 15646524.
2, 3, 103, 12659
What are the prime factors of 280580?
2, 5, 14029
What are the prime factors of 31598?
2, 7, 37, 61
What are the prime factors of 972491?
13, 239, 313
List the prime factors of 10521.
3, 7, 167
List the prime factors of 385008.
2, 3, 13, 617
What are the prime factors of 609520?
2, 5, 19, 401
What are the prime factors of 13787350?
2, 5, 19, 23, 631
List the prime factors of 15020924.
2, 41, 91591
List the prime factors of 8538727.
23, 371249
List the prime factors of 10065736.
2, 1258217
List the prime factors of 324958.
2, 47, 3457
List the prime factors of 544338.
2, 3, 30241
What are the prime factors of 2057837?
103, 19979
List the prime factors of 412121.
263, 1567
List the prime factors of 1583848.
2, 7, 28283
List the prime factors of 447252.
2, 3, 13, 47, 61
What are the prime factors of 359400?
2, 3, 5, 599
List the prime factors of 2740327.
1087, 2521
What are the prime factors of 5342885?
5, 1068577
List the prime factors of 423161.
41, 10321
List the prime factors of 385367.
73, 5279
List the prime factors of 3438535.
5, 687707
List the prime factors of 2955323.
7, 31, 13619
List the prime factors of 1539132.
2, 3, 7, 73, 251
List the prime factors of 126265.
5, 25253
List the prime factors of 2617439.
11, 17, 13997
List the prime factors of 12506551.
109, 179, 641
List the prime factors of 1834808.
2, 229351
What are the prime factors of 9152098?
2, 37, 123677
List the prime factors of 5949040.
2, 5, 74363
What are the prime factors of 6367551?
3, 823, 2579
List the prime factors of 122826.
2, 3, 11, 1861
What are the prime factors of 48011?
41, 1171
What are the prime factors of 3919552?
2, 7, 13, 673
What are the prime factors of 161170?
2, 5, 71, 227
List the prime factors of 5453338.
2, 11, 247879
What are the prime factors of 30682287?
3, 37, 30713
What are the prime factors of 72174?
2, 3, 23, 523
What are the prime factors of 28614697?
28614697
List the prime factors of 806184.
2, 3, 11197
What are the prime factors of 2978080?
2, 5, 7, 2659
What are the prime factors of 9472652?
2, 7, 338309
List the prime factors of 2857775.
5, 114311
What are the prime factors of 40056?
2, 3, 1669
What are the prime factors of 13535505?
3, 5, 19, 1759
What are the prime factors of 1758671?
761, 2311
What are the prime factors of 418294?
2, 209147
What are the prime factors of 197493?
3, 65831
What are the prime factors of 2735765?
5, 257, 2129
What are the prime factors of 265865?
5, 53173
List the prime factors of 89846.
2, 167, 269
List the prime factors of 24452804.
2, 6113201
List the prime factors of 5684578.
2, 113, 25153
List the prime factors of 196526.
2, 11, 8933
List the prime factors of 600915.
3, 5, 7, 59, 97
List the prime factors of 4153524.
2, 3, 23, 101, 149
List the prime factors of 23579303.
11, 2143573
List the prime factors of 83711.
97, 863
What are the prime factors of 10871377?
11, 37, 26711
What are the prime factors of 33383?
7, 19, 251
List the prime factors of 632891.
7, 23, 3931
What are the prime factors of 939903?
3, 313301
List the prime factors of 1712019.
3, 17, 33569
What are the prime factors of 741057?
3, 19, 13001
What are the prime factors of 4706564?
2, 1176641
What are the prime factors of 29797596?
2, 3, 59, 14029
List the prime factors of 1822317.
3, 7, 107, 811
What are the prime factors of 67442?
2, 33721
What are the prime factors of 190650?
2, 3, 5, 31, 41
What are the prime factors of 455860?
2, 5, 23, 991
What are the prime factors of 287006?
2, 143503
List the prime factors of 1036656.
2, 3, 23, 313
List the prime factors of 1049128.
2, 199, 659
List the prime factors of 207136.
2, 6473
What are the prime factors of 2120950?
2, 5, 13, 251
List the prime factors of 6191885.
5, 7, 127, 199
List the prime factors of 2570284.
2, 199, 3229
What are the prime factors of 13447?
7, 17, 113
What are the prime factors of 1302756?
2, 3, 7, 13, 1193
What are the prime factors of 661387?
53, 12479
What are the prime factors of 4642000?
2, 5, 11, 211
What are the prime factors of 24459127?
7, 11, 317651
What are the prime factors of 710859?
3, 211, 1123
List the prime factors of 5911554.
2, 3, 11, 43, 2083
What are the prime factors of 1854127?
11, 73, 2309
List the prime factors of 281826.
2, 3, 17, 307
What are the prime factors of 244965?
3, 5, 7, 2333
What are the prime factors of 1018497?
3, 211, 1609
What are the prime factors of 663507?
3, 13, 53, 107
List the prime factors of 37477.
11, 3407
What are the prime factors of 879322?
2, 439661
List the prime factors of 188681.
188681
What are the prime factors of 4528890?
2, 3, 5, 50321
List the prime factors of 38050075.
5, 7, 217429
What are the prime factors of 8399228?
2, 53, 39619
List the prime factors of 555157.
173, 3209
What are the prime factors of 631510?
2, 5, 11, 5741
What are the prime factors of 1765860?
2, 3, 5, 19, 1549
What are the prime factors of 805045?
5, 161009
What are the prime factors of 4170373?
503, 8291
What are the prime factors of 133565?
5, 26713
List the prime factors of 8133369.
3, 29, 93487
List the prime factors of 28499893.
28499893
What are the prime factors of 5968615?
5, 17, 23, 43, 71
What are the prime factors of 344905?
5, 11, 6271
What are the prime factors of 12943230?
2, 3, 5, 431441
What are the prime factors of 18814286?
2, 9407143
What are the prime factors of 1321896?
2, 3, 55079
What are the prime factors of 39637917?
3, 11, 4943
List the prime factors of 145117.
7, 20731
List the prime factors of 2139552.
2, 3, 17, 19, 23
What are the prime factors of 943157?
943157
List the prime factors of 15551959.
83, 187373
List the prime factors of 5324261.
5324261
What are the prime factors of 10700651?
13, 823127
What are the prime factors of 86986?
2, 23, 31, 61
List the prime factors of 5820942.
2, 3, 103, 9419
List the prime factors of 5962792.
2, 11, 67759
List the prime factors of 317.
317
List the prime factors of 120540.
2, 3, 5, 7, 41
List the prime factors of 761505.
3, 5, 50767
What are the prime factors of 269022?
2, 3, 13, 3449
What are the prime factors of 384956?
2, 11, 13, 673
What are the prime factors of 691422?
2, 3, 115237
List the prime factors of 1453691.
61, 23831
List the prime factors of 24075935.
5, 13, 370399
List the prime factors of 739903.
257, 2879
What are the prime factors of 358770?
2, 3, 5, 11959
List the prime factors of 75770.
2, 5, 7577
What are the prime factors of 162714?
2, 3, 47, 577
What are the prime factors of 7203297?
3, 131, 18329
List the prime factors of 113921.
113921
List the prime factors of 349617.
3, 1